{"version":"1.0","provider_name":"Kiosco Virtual","provider_url":"https:\/\/www.eltrabajo.cl\/2017","author_name":"Diario El Trabajo","author_url":"https:\/\/www.eltrabajo.cl\/2017\/author\/diario-el-trabajo\/","title":"El detenido Fabi\u00e1n Cossio Campos fue detenido tras ser identificado por la v\u00edctima, como autor de robo dentro de su propiedad en Villa El Se\u00f1orial de San Felipe.","type":"rich","width":600,"height":338,"html":"<blockquote class=\"wp-embedded-content\" data-secret=\"T0YQU6sm5P\"><a href=\"https:\/\/www.eltrabajo.cl\/2017\/fabian-cossio-campos\/\">El detenido Fabi\u00e1n Cossio Campos fue detenido tras ser identificado por la v\u00edctima, como autor de robo dentro de su propiedad en Villa El Se\u00f1orial de San Felipe.<\/a><\/blockquote><iframe sandbox=\"allow-scripts\" security=\"restricted\" src=\"https:\/\/www.eltrabajo.cl\/2017\/fabian-cossio-campos\/embed\/#?secret=T0YQU6sm5P\" width=\"600\" height=\"338\" title=\"\u00abEl detenido Fabi\u00e1n Cossio Campos fue detenido tras ser identificado por la v\u00edctima, como autor de robo dentro de su propiedad en Villa El Se\u00f1orial de San Felipe.\u00bb \u2014 Kiosco Virtual\" data-secret=\"T0YQU6sm5P\" frameborder=\"0\" marginwidth=\"0\" marginheight=\"0\" scrolling=\"no\" class=\"wp-embedded-content\"><\/iframe><script type=\"text\/javascript\">\n\/* <![CDATA[ *\/\n\/*! This file is auto-generated *\/\n!function(d,l){\"use strict\";l.querySelector&&d.addEventListener&&\"undefined\"!=typeof URL&&(d.wp=d.wp||{},d.wp.receiveEmbedMessage||(d.wp.receiveEmbedMessage=function(e){var t=e.data;if((t||t.secret||t.message||t.value)&&!\/[^a-zA-Z0-9]\/.test(t.secret)){for(var s,r,n,a=l.querySelectorAll('iframe[data-secret=\"'+t.secret+'\"]'),o=l.querySelectorAll('blockquote[data-secret=\"'+t.secret+'\"]'),c=new RegExp(\"^https?:$\",\"i\"),i=0;i<o.length;i++)o[i].style.display=\"none\";for(i=0;i<a.length;i++)s=a[i],e.source===s.contentWindow&&(s.removeAttribute(\"style\"),\"height\"===t.message?(1e3<(r=parseInt(t.value,10))?r=1e3:~~r<200&&(r=200),s.height=r):\"link\"===t.message&&(r=new URL(s.getAttribute(\"src\")),n=new URL(t.value),c.test(n.protocol))&&n.host===r.host&&l.activeElement===s&&(d.top.location.href=t.value))}},d.addEventListener(\"message\",d.wp.receiveEmbedMessage,!1),l.addEventListener(\"DOMContentLoaded\",function(){for(var e,t,s=l.querySelectorAll(\"iframe.wp-embedded-content\"),r=0;r<s.length;r++)(t=(e=s[r]).getAttribute(\"data-secret\"))||(t=Math.random().toString(36).substring(2,12),e.src+=\"#?secret=\"+t,e.setAttribute(\"data-secret\",t)),e.contentWindow.postMessage({message:\"ready\",secret:t},\"*\")},!1)))}(window,document);\n\/\/# sourceURL=https:\/\/www.eltrabajo.cl\/2017\/wp-includes\/js\/wp-embed.min.js\n\/* ]]> *\/\n<\/script>\n","thumbnail_url":"https:\/\/www.eltrabajo.cl\/2017\/wp-content\/uploads\/2017\/01\/fabian-cossio-campos.jpg","thumbnail_width":530,"thumbnail_height":350}

El detenido Fabián Cossio Campos fue detenido tras ser identificado por la víctima, como autor de robo dentro de su propiedad en Villa El Señorial de San Felipe.

<blockquote class="wp-embedded-content" data-secret="T0YQU6sm5P"><a href="https://www.eltrabajo.cl/2017/fabian-cossio-campos/">El detenido Fabián Cossio Campos fue detenido tras ser identificado por la víctima, como autor de robo dentro de su propiedad en Villa El Señorial de San Felipe.</a></blockquote><iframe sandbox="allow-scripts" security="restricted" src="https://www.eltrabajo.cl/2017/fabian-cossio-campos/embed/#?secret=T0YQU6sm5P" width="600" height="338" title="«El detenido Fabián Cossio Campos fue detenido tras ser identificado por la víctima, como autor de robo dentro de su propiedad en Villa El Señorial de San Felipe.» — Kiosco Virtual" data-secret="T0YQU6sm5P" frameborder="0" marginwidth="0" marginheight="0" scrolling="no" class="wp-embedded-content"></iframe><script type="text/javascript">
/* <![CDATA[ */
/*! This file is auto-generated */
!function(d,l){"use strict";l.querySelector&&d.addEventListener&&"undefined"!=typeof URL&&(d.wp=d.wp||{},d.wp.receiveEmbedMessage||(d.wp.receiveEmbedMessage=function(e){var t=e.data;if((t||t.secret||t.message||t.value)&&!/[^a-zA-Z0-9]/.test(t.secret)){for(var s,r,n,a=l.querySelectorAll('iframe[data-secret="'+t.secret+'"]'),o=l.querySelectorAll('blockquote[data-secret="'+t.secret+'"]'),c=new RegExp("^https?:$","i"),i=0;i<o.length;i++)o[i].style.display="none";for(i=0;i<a.length;i++)s=a[i],e.source===s.contentWindow&&(s.removeAttribute("style"),"height"===t.message?(1e3<(r=parseInt(t.value,10))?r=1e3:~~r<200&&(r=200),s.height=r):"link"===t.message&&(r=new URL(s.getAttribute("src")),n=new URL(t.value),c.test(n.protocol))&&n.host===r.host&&l.activeElement===s&&(d.top.location.href=t.value))}},d.addEventListener("message",d.wp.receiveEmbedMessage,!1),l.addEventListener("DOMContentLoaded",function(){for(var e,t,s=l.querySelectorAll("iframe.wp-embedded-content"),r=0;r<s.length;r++)(t=(e=s[r]).getAttribute("data-secret"))||(t=Math.random().toString(36).substring(2,12),e.src+="#?secret="+t,e.setAttribute("data-secret",t)),e.contentWindow.postMessage({message:"ready",secret:t},"*")},!1)))}(window,document);
//# sourceURL=https://www.eltrabajo.cl/2017/wp-includes/js/wp-embed.min.js
/* ]]> */
</script>
