{"id":76389,"date":"2017-01-06T08:51:28","date_gmt":"2017-01-06T11:51:28","guid":{"rendered":"http:\/\/www.eltrabajo.cl\/2017\/wp-content\/uploads\/2017\/01\/accidente-fatal-duraznos.jpg"},"modified":"2017-01-06T08:51:28","modified_gmt":"2017-01-06T11:51:28","slug":"accidente-fatal-duraznos","status":"inherit","type":"attachment","link":"https:\/\/www.eltrabajo.cl\/2017\/accidente-fatal-duraznos\/","title":{"rendered":"Conmoci\u00f3n caus\u00f3 en el sector, el tr\u00e1gico accidente que cost\u00f3 la vida a un hombre de 48 a\u00f1os que aparentemente robaba duraznos desde el cami\u00f3n detenido por el sem\u00e1foro."},"author":1,"featured_media":0,"comment_status":"open","ping_status":"closed","template":"","meta":[],"class_list":["post-76389","attachment","type-attachment","status-inherit","hentry"],"jetpack_sharing_enabled":true,"description":{"rendered":"<p class=\"attachment\"><a href=\"https:\/\/i0.wp.com\/www.eltrabajo.cl\/2017\/wp-content\/uploads\/2017\/01\/accidente-fatal-duraznos.jpg?ssl=1\"><img loading=\"lazy\" decoding=\"async\" width=\"300\" height=\"198\" src=\"https:\/\/i0.wp.com\/www.eltrabajo.cl\/2017\/wp-content\/uploads\/2017\/01\/accidente-fatal-duraznos.jpg?fit=300%2C198&amp;ssl=1\" class=\"attachment-medium size-medium\" alt=\"Conmoci\u00f3n caus\u00f3 en el sector, el tr\u00e1gico accidente que cost\u00f3 la vida a un hombre de 48 a\u00f1os que aparentemente robaba duraznos desde el cami\u00f3n detenido por el sem\u00e1foro.\" srcset=\"https:\/\/i0.wp.com\/www.eltrabajo.cl\/2017\/wp-content\/uploads\/2017\/01\/accidente-fatal-duraznos.jpg?w=530&amp;ssl=1 530w, https:\/\/i0.wp.com\/www.eltrabajo.cl\/2017\/wp-content\/uploads\/2017\/01\/accidente-fatal-duraznos.jpg?resize=300%2C198&amp;ssl=1 300w, https:\/\/i0.wp.com\/www.eltrabajo.cl\/2017\/wp-content\/uploads\/2017\/01\/accidente-fatal-duraznos.jpg?resize=150%2C99&amp;ssl=1 150w\" sizes=\"auto, (max-width: 300px) 100vw, 300px\" \/><\/a><\/p>\n<p>Conmoci\u00f3n caus\u00f3 en el sector, el tr\u00e1gico accidente que cost\u00f3 la vida a un hombre de 48 a\u00f1os que aparentemente robaba duraznos desde el cami\u00f3n detenido por el sem\u00e1foro.<\/p>\n"},"caption":{"rendered":"<div class=\"mh-excerpt\"><p>Conmoci\u00f3n caus\u00f3 en el sector, el tr\u00e1gico accidente que cost\u00f3 la vida a un hombre de 48 a\u00f1os que aparentemente robaba duraznos desde el cami\u00f3n detenido por el sem\u00e1foro.<\/p>\n<\/div>"},"alt_text":"Conmoci\u00f3n caus\u00f3 en el sector, el tr\u00e1gico accidente que cost\u00f3 la vida a un hombre de 48 a\u00f1os que aparentemente robaba duraznos desde el cami\u00f3n detenido por el sem\u00e1foro.","media_type":"image","mime_type":"image\/jpeg","media_details":{"width":530,"height":349,"file":"2017\/01\/accidente-fatal-duraznos.jpg","sizes":{"thumbnail":{"file":"accidente-fatal-duraznos-150x150.jpg","width":150,"height":150,"mime_type":"image\/jpeg","source_url":"https:\/\/i0.wp.com\/www.eltrabajo.cl\/2017\/wp-content\/uploads\/2017\/01\/accidente-fatal-duraznos.jpg?resize=150%2C150&ssl=1"},"medium":{"file":"accidente-fatal-duraznos-300x198.jpg","width":300,"height":198,"mime_type":"image\/jpeg","source_url":"https:\/\/i0.wp.com\/www.eltrabajo.cl\/2017\/wp-content\/uploads\/2017\/01\/accidente-fatal-duraznos.jpg?fit=300%2C198&ssl=1"},"post-thumbnail":{"file":"accidente-fatal-duraznos-150x99.jpg","width":150,"height":99,"mime_type":"image\/jpeg","source_url":"https:\/\/www.eltrabajo.cl\/2017\/wp-content\/uploads\/2017\/01\/accidente-fatal-duraznos-150x99.jpg"},"featured-sidebar":{"file":"accidente-fatal-duraznos-328x158.jpg","width":328,"height":158,"mime_type":"image\/jpeg","source_url":"https:\/\/www.eltrabajo.cl\/2017\/wp-content\/uploads\/2017\/01\/accidente-fatal-duraznos-328x158.jpg"},"full":{"file":"accidente-fatal-duraznos.jpg?fit=530%2C349&ssl=1","width":530,"height":349,"mime_type":"image\/jpeg","source_url":"https:\/\/i0.wp.com\/www.eltrabajo.cl\/2017\/wp-content\/uploads\/2017\/01\/accidente-fatal-duraznos.jpg?fit=530%2C349&ssl=1"}},"image_meta":{"aperture":"0","credit":"","camera":"","caption":"","created_timestamp":"0","copyright":"[wopmind]","focal_length":"0","iso":"0","shutter_speed":"0","title":"","orientation":"0","keywords":[]}},"post":null,"source_url":"https:\/\/www.eltrabajo.cl\/2017\/wp-content\/uploads\/2017\/01\/accidente-fatal-duraznos.jpg","_links":{"self":[{"href":"https:\/\/www.eltrabajo.cl\/2017\/wp-json\/wp\/v2\/media\/76389","targetHints":{"allow":["GET"]}}],"collection":[{"href":"https:\/\/www.eltrabajo.cl\/2017\/wp-json\/wp\/v2\/media"}],"about":[{"href":"https:\/\/www.eltrabajo.cl\/2017\/wp-json\/wp\/v2\/types\/attachment"}],"author":[{"embeddable":true,"href":"https:\/\/www.eltrabajo.cl\/2017\/wp-json\/wp\/v2\/users\/1"}],"replies":[{"embeddable":true,"href":"https:\/\/www.eltrabajo.cl\/2017\/wp-json\/wp\/v2\/comments?post=76389"}]}}

Conmoción causó en el sector, el trágico accidente que costó la vida a un hombre de 48 años que aparentemente robaba duraznos desde el camión detenido por el semáforo.

<p class="attachment"><a href="https://i0.wp.com/www.eltrabajo.cl/2017/wp-content/uploads/2017/01/accidente-fatal-duraznos.jpg?ssl=1"><img loading="lazy" decoding="async" width="300" height="198" src="https://i0.wp.com/www.eltrabajo.cl/2017/wp-content/uploads/2017/01/accidente-fatal-duraznos.jpg?fit=300%2C198&amp;ssl=1" class="attachment-medium size-medium" alt="Conmoción causó en el sector, el trágico accidente que costó la vida a un hombre de 48 años que aparentemente robaba duraznos desde el camión detenido por el semáforo." srcset="https://i0.wp.com/www.eltrabajo.cl/2017/wp-content/uploads/2017/01/accidente-fatal-duraznos.jpg?w=530&amp;ssl=1 530w, https://i0.wp.com/www.eltrabajo.cl/2017/wp-content/uploads/2017/01/accidente-fatal-duraznos.jpg?resize=300%2C198&amp;ssl=1 300w, https://i0.wp.com/www.eltrabajo.cl/2017/wp-content/uploads/2017/01/accidente-fatal-duraznos.jpg?resize=150%2C99&amp;ssl=1 150w" sizes="auto, (max-width: 300px) 100vw, 300px" /></a></p>
<p>Conmoción causó en el sector, el trágico accidente que costó la vida a un hombre de 48 años que aparentemente robaba duraznos desde el camión detenido por el semáforo.</p>

<div class="mh-excerpt"><p>Conmoción causó en el sector, el trágico accidente que costó la vida a un hombre de 48 años que aparentemente robaba duraznos desde el camión detenido por el semáforo.</p>
</div>
