{"id":76390,"date":"2017-01-06T08:51:29","date_gmt":"2017-01-06T11:51:29","guid":{"rendered":"http:\/\/www.eltrabajo.cl\/2017\/wp-content\/uploads\/2017\/01\/accidente-fatal-duraznos1.jpg"},"modified":"2017-01-06T08:51:29","modified_gmt":"2017-01-06T11:51:29","slug":"accidente-fatal-duraznos1","status":"inherit","type":"attachment","link":"https:\/\/www.eltrabajo.cl\/2017\/accidente-fatal-duraznos1\/","title":{"rendered":"Junto al cami\u00f3n protagonista del accidente, un segundo cami\u00f3n tambi\u00e9n cargado con duraznos, pasa por la izquierda, revelando la gran afluencia de este tipo de veh\u00edculos y con este tipo de cargas por el lugar."},"author":1,"featured_media":0,"comment_status":"open","ping_status":"closed","template":"","meta":[],"class_list":["post-76390","attachment","type-attachment","status-inherit","hentry"],"jetpack_sharing_enabled":true,"description":{"rendered":"<p class=\"attachment\"><a href=\"https:\/\/i0.wp.com\/www.eltrabajo.cl\/2017\/wp-content\/uploads\/2017\/01\/accidente-fatal-duraznos1.jpg?ssl=1\"><img loading=\"lazy\" decoding=\"async\" width=\"300\" height=\"197\" src=\"https:\/\/i0.wp.com\/www.eltrabajo.cl\/2017\/wp-content\/uploads\/2017\/01\/accidente-fatal-duraznos1.jpg?fit=300%2C197&amp;ssl=1\" class=\"attachment-medium size-medium\" alt=\"Junto al cami\u00f3n protagonista del accidente, un segundo cami\u00f3n tambi\u00e9n cargado con duraznos, pasa por la izquierda, revelando la gran afluencia de este tipo de veh\u00edculos y con este tipo de cargas por el lugar.\" srcset=\"https:\/\/i0.wp.com\/www.eltrabajo.cl\/2017\/wp-content\/uploads\/2017\/01\/accidente-fatal-duraznos1.jpg?w=530&amp;ssl=1 530w, https:\/\/i0.wp.com\/www.eltrabajo.cl\/2017\/wp-content\/uploads\/2017\/01\/accidente-fatal-duraznos1.jpg?resize=300%2C197&amp;ssl=1 300w, https:\/\/i0.wp.com\/www.eltrabajo.cl\/2017\/wp-content\/uploads\/2017\/01\/accidente-fatal-duraznos1.jpg?resize=150%2C98&amp;ssl=1 150w\" sizes=\"auto, (max-width: 300px) 100vw, 300px\" \/><\/a><\/p>\n<p>Junto al cami\u00f3n protagonista del accidente, un segundo cami\u00f3n tambi\u00e9n cargado con duraznos, pasa por la izquierda, revelando la gran afluencia de este tipo de veh\u00edculos y con este tipo de cargas por el lugar.<\/p>\n"},"caption":{"rendered":"<div class=\"mh-excerpt\"><p>Junto al cami\u00f3n protagonista del accidente, un segundo cami\u00f3n tambi\u00e9n cargado con duraznos, pasa por la izquierda, revelando la gran afluencia de este tipo de veh\u00edculos y con este tipo de cargas por el lugar.<\/p>\n<\/div>"},"alt_text":"Junto al cami\u00f3n protagonista del accidente, un segundo cami\u00f3n tambi\u00e9n cargado con duraznos, pasa por la izquierda, revelando la gran afluencia de este tipo de veh\u00edculos y con este tipo de cargas por el lugar.","media_type":"image","mime_type":"image\/jpeg","media_details":{"width":530,"height":348,"file":"2017\/01\/accidente-fatal-duraznos1.jpg","sizes":{"thumbnail":{"file":"accidente-fatal-duraznos1-150x150.jpg","width":150,"height":150,"mime_type":"image\/jpeg","source_url":"https:\/\/i0.wp.com\/www.eltrabajo.cl\/2017\/wp-content\/uploads\/2017\/01\/accidente-fatal-duraznos1.jpg?resize=150%2C150&ssl=1"},"medium":{"file":"accidente-fatal-duraznos1-300x197.jpg","width":300,"height":197,"mime_type":"image\/jpeg","source_url":"https:\/\/i0.wp.com\/www.eltrabajo.cl\/2017\/wp-content\/uploads\/2017\/01\/accidente-fatal-duraznos1.jpg?fit=300%2C197&ssl=1"},"post-thumbnail":{"file":"accidente-fatal-duraznos1-150x98.jpg","width":150,"height":98,"mime_type":"image\/jpeg","source_url":"https:\/\/www.eltrabajo.cl\/2017\/wp-content\/uploads\/2017\/01\/accidente-fatal-duraznos1-150x98.jpg"},"featured-sidebar":{"file":"accidente-fatal-duraznos1-328x158.jpg","width":328,"height":158,"mime_type":"image\/jpeg","source_url":"https:\/\/www.eltrabajo.cl\/2017\/wp-content\/uploads\/2017\/01\/accidente-fatal-duraznos1-328x158.jpg"},"full":{"file":"accidente-fatal-duraznos1.jpg?fit=530%2C348&ssl=1","width":530,"height":348,"mime_type":"image\/jpeg","source_url":"https:\/\/i0.wp.com\/www.eltrabajo.cl\/2017\/wp-content\/uploads\/2017\/01\/accidente-fatal-duraznos1.jpg?fit=530%2C348&ssl=1"}},"image_meta":{"aperture":"0","credit":"","camera":"","caption":"","created_timestamp":"0","copyright":"[wopmind]","focal_length":"0","iso":"0","shutter_speed":"0","title":"","orientation":"0","keywords":[]}},"post":null,"source_url":"https:\/\/www.eltrabajo.cl\/2017\/wp-content\/uploads\/2017\/01\/accidente-fatal-duraznos1.jpg","_links":{"self":[{"href":"https:\/\/www.eltrabajo.cl\/2017\/wp-json\/wp\/v2\/media\/76390","targetHints":{"allow":["GET"]}}],"collection":[{"href":"https:\/\/www.eltrabajo.cl\/2017\/wp-json\/wp\/v2\/media"}],"about":[{"href":"https:\/\/www.eltrabajo.cl\/2017\/wp-json\/wp\/v2\/types\/attachment"}],"author":[{"embeddable":true,"href":"https:\/\/www.eltrabajo.cl\/2017\/wp-json\/wp\/v2\/users\/1"}],"replies":[{"embeddable":true,"href":"https:\/\/www.eltrabajo.cl\/2017\/wp-json\/wp\/v2\/comments?post=76390"}]}}

Junto al camión protagonista del accidente, un segundo camión también cargado con duraznos, pasa por la izquierda, revelando la gran afluencia de este tipo de vehículos y con este tipo de cargas por el lugar.

<p class="attachment"><a href="https://i0.wp.com/www.eltrabajo.cl/2017/wp-content/uploads/2017/01/accidente-fatal-duraznos1.jpg?ssl=1"><img loading="lazy" decoding="async" width="300" height="197" src="https://i0.wp.com/www.eltrabajo.cl/2017/wp-content/uploads/2017/01/accidente-fatal-duraznos1.jpg?fit=300%2C197&amp;ssl=1" class="attachment-medium size-medium" alt="Junto al camión protagonista del accidente, un segundo camión también cargado con duraznos, pasa por la izquierda, revelando la gran afluencia de este tipo de vehículos y con este tipo de cargas por el lugar." srcset="https://i0.wp.com/www.eltrabajo.cl/2017/wp-content/uploads/2017/01/accidente-fatal-duraznos1.jpg?w=530&amp;ssl=1 530w, https://i0.wp.com/www.eltrabajo.cl/2017/wp-content/uploads/2017/01/accidente-fatal-duraznos1.jpg?resize=300%2C197&amp;ssl=1 300w, https://i0.wp.com/www.eltrabajo.cl/2017/wp-content/uploads/2017/01/accidente-fatal-duraznos1.jpg?resize=150%2C98&amp;ssl=1 150w" sizes="auto, (max-width: 300px) 100vw, 300px" /></a></p>
<p>Junto al camión protagonista del accidente, un segundo camión también cargado con duraznos, pasa por la izquierda, revelando la gran afluencia de este tipo de vehículos y con este tipo de cargas por el lugar.</p>

<div class="mh-excerpt"><p>Junto al camión protagonista del accidente, un segundo camión también cargado con duraznos, pasa por la izquierda, revelando la gran afluencia de este tipo de vehículos y con este tipo de cargas por el lugar.</p>
</div>
