{"id":76469,"date":"2017-01-11T08:44:51","date_gmt":"2017-01-11T11:44:51","guid":{"rendered":"http:\/\/www.eltrabajo.cl\/2017\/wp-content\/uploads\/2017\/01\/Quemaduras28.jpg"},"modified":"2017-01-11T08:44:51","modified_gmt":"2017-01-11T11:44:51","slug":"quemaduras28","status":"inherit","type":"attachment","link":"https:\/\/www.eltrabajo.cl\/2017\/quemaduras28\/","title":{"rendered":"NI UNO M\u00c1S.- Seg\u00fan datos de Coaniquem, en el Valle Aconcagua se atiende un promedio de 150 ni\u00f1os de forma permanente, por eso esta campa\u00f1a est\u00e1 dirigida para nuestras diez comunas. (Referencial)"},"author":1,"featured_media":0,"comment_status":"open","ping_status":"closed","template":"","meta":[],"class_list":["post-76469","attachment","type-attachment","status-inherit","hentry"],"jetpack_sharing_enabled":true,"description":{"rendered":"<p class=\"attachment\"><a href=\"https:\/\/i0.wp.com\/www.eltrabajo.cl\/2017\/wp-content\/uploads\/2017\/01\/Quemaduras28.jpg?ssl=1\"><img loading=\"lazy\" decoding=\"async\" width=\"300\" height=\"198\" src=\"https:\/\/i0.wp.com\/www.eltrabajo.cl\/2017\/wp-content\/uploads\/2017\/01\/Quemaduras28.jpg?fit=300%2C198&amp;ssl=1\" class=\"attachment-medium size-medium\" alt=\"NI UNO M\u00c1S.- Seg\u00fan datos de Coaniquem, en el Valle Aconcagua se atiende un promedio de 150 ni\u00f1os de forma permanente, por eso esta campa\u00f1a est\u00e1 dirigida para nuestras diez comunas. (Referencial)\" srcset=\"https:\/\/i0.wp.com\/www.eltrabajo.cl\/2017\/wp-content\/uploads\/2017\/01\/Quemaduras28.jpg?w=530&amp;ssl=1 530w, https:\/\/i0.wp.com\/www.eltrabajo.cl\/2017\/wp-content\/uploads\/2017\/01\/Quemaduras28.jpg?resize=300%2C198&amp;ssl=1 300w, https:\/\/i0.wp.com\/www.eltrabajo.cl\/2017\/wp-content\/uploads\/2017\/01\/Quemaduras28.jpg?resize=150%2C99&amp;ssl=1 150w\" sizes=\"auto, (max-width: 300px) 100vw, 300px\" \/><\/a><\/p>\n<p>NI UNO M\u00c1S.- Seg\u00fan datos de Coaniquem, en el Valle Aconcagua se atiende un promedio de 150 ni\u00f1os de forma permanente, por eso esta campa\u00f1a est\u00e1 dirigida para nuestras diez comunas. (Referencial)<\/p>\n"},"caption":{"rendered":"<div class=\"mh-excerpt\"><p>NI UNO M\u00c1S.- Seg\u00fan datos de Coaniquem, en el Valle Aconcagua se atiende un promedio de 150 ni\u00f1os de forma permanente, por eso esta campa\u00f1a est\u00e1 dirigida para nuestras diez comunas. (Referencial)<\/p>\n<\/div>"},"alt_text":"NI UNO M\u00c1S.- Seg\u00fan datos de Coaniquem, en el Valle Aconcagua se atiende un promedio de 150 ni\u00f1os de forma permanente, por eso esta campa\u00f1a est\u00e1 dirigida para nuestras diez comunas. (Referencial)","media_type":"image","mime_type":"image\/jpeg","media_details":{"width":530,"height":349,"file":"2017\/01\/Quemaduras28.jpg","sizes":{"thumbnail":{"file":"Quemaduras28-150x150.jpg","width":150,"height":150,"mime_type":"image\/jpeg","source_url":"https:\/\/i0.wp.com\/www.eltrabajo.cl\/2017\/wp-content\/uploads\/2017\/01\/Quemaduras28.jpg?resize=150%2C150&ssl=1"},"medium":{"file":"Quemaduras28-300x198.jpg","width":300,"height":198,"mime_type":"image\/jpeg","source_url":"https:\/\/i0.wp.com\/www.eltrabajo.cl\/2017\/wp-content\/uploads\/2017\/01\/Quemaduras28.jpg?fit=300%2C198&ssl=1"},"post-thumbnail":{"file":"Quemaduras28-150x99.jpg","width":150,"height":99,"mime_type":"image\/jpeg","source_url":"https:\/\/www.eltrabajo.cl\/2017\/wp-content\/uploads\/2017\/01\/Quemaduras28-150x99.jpg"},"featured-sidebar":{"file":"Quemaduras28-328x158.jpg","width":328,"height":158,"mime_type":"image\/jpeg","source_url":"https:\/\/www.eltrabajo.cl\/2017\/wp-content\/uploads\/2017\/01\/Quemaduras28-328x158.jpg"},"full":{"file":"Quemaduras28.jpg?fit=530%2C349&ssl=1","width":530,"height":349,"mime_type":"image\/jpeg","source_url":"https:\/\/i0.wp.com\/www.eltrabajo.cl\/2017\/wp-content\/uploads\/2017\/01\/Quemaduras28.jpg?fit=530%2C349&ssl=1"}},"image_meta":{"aperture":"0","credit":"","camera":"","caption":"","created_timestamp":"0","copyright":"","focal_length":"0","iso":"0","shutter_speed":"0","title":"","orientation":"0","keywords":[]}},"post":null,"source_url":"https:\/\/www.eltrabajo.cl\/2017\/wp-content\/uploads\/2017\/01\/Quemaduras28.jpg","_links":{"self":[{"href":"https:\/\/www.eltrabajo.cl\/2017\/wp-json\/wp\/v2\/media\/76469","targetHints":{"allow":["GET"]}}],"collection":[{"href":"https:\/\/www.eltrabajo.cl\/2017\/wp-json\/wp\/v2\/media"}],"about":[{"href":"https:\/\/www.eltrabajo.cl\/2017\/wp-json\/wp\/v2\/types\/attachment"}],"author":[{"embeddable":true,"href":"https:\/\/www.eltrabajo.cl\/2017\/wp-json\/wp\/v2\/users\/1"}],"replies":[{"embeddable":true,"href":"https:\/\/www.eltrabajo.cl\/2017\/wp-json\/wp\/v2\/comments?post=76469"}]}}

NI UNO MÁS.- Según datos de Coaniquem, en el Valle Aconcagua se atiende un promedio de 150 niños de forma permanente, por eso esta campaña está dirigida para nuestras diez comunas. (Referencial)

<p class="attachment"><a href="https://i0.wp.com/www.eltrabajo.cl/2017/wp-content/uploads/2017/01/Quemaduras28.jpg?ssl=1"><img loading="lazy" decoding="async" width="300" height="198" src="https://i0.wp.com/www.eltrabajo.cl/2017/wp-content/uploads/2017/01/Quemaduras28.jpg?fit=300%2C198&amp;ssl=1" class="attachment-medium size-medium" alt="NI UNO MÁS.- Según datos de Coaniquem, en el Valle Aconcagua se atiende un promedio de 150 niños de forma permanente, por eso esta campaña está dirigida para nuestras diez comunas. (Referencial)" srcset="https://i0.wp.com/www.eltrabajo.cl/2017/wp-content/uploads/2017/01/Quemaduras28.jpg?w=530&amp;ssl=1 530w, https://i0.wp.com/www.eltrabajo.cl/2017/wp-content/uploads/2017/01/Quemaduras28.jpg?resize=300%2C198&amp;ssl=1 300w, https://i0.wp.com/www.eltrabajo.cl/2017/wp-content/uploads/2017/01/Quemaduras28.jpg?resize=150%2C99&amp;ssl=1 150w" sizes="auto, (max-width: 300px) 100vw, 300px" /></a></p>
<p>NI UNO MÁS.- Según datos de Coaniquem, en el Valle Aconcagua se atiende un promedio de 150 niños de forma permanente, por eso esta campaña está dirigida para nuestras diez comunas. (Referencial)</p>

<div class="mh-excerpt"><p>NI UNO MÁS.- Según datos de Coaniquem, en el Valle Aconcagua se atiende un promedio de 150 niños de forma permanente, por eso esta campaña está dirigida para nuestras diez comunas. (Referencial)</p>
</div>
