{"id":76487,"date":"2017-01-11T08:55:48","date_gmt":"2017-01-11T11:55:48","guid":{"rendered":"http:\/\/www.eltrabajo.cl\/2017\/wp-content\/uploads\/2017\/01\/bombero-heroe.jpg"},"modified":"2017-01-11T08:55:48","modified_gmt":"2017-01-11T11:55:48","slug":"bombero-heroe","status":"inherit","type":"attachment","link":"https:\/\/www.eltrabajo.cl\/2017\/bombero-heroe\/","title":{"rendered":"Aunque no hubo casas en peligro, Bomberos trabaj\u00f3 con apoyo de voluntarios de Rinconada, Los Andes y Santa Mar\u00eda para controlar r\u00e1pidamente el siniestro. En la imagen un bombero rescata a un conejo. (Foto @diegoarancibia)\u201d."},"author":1,"featured_media":0,"comment_status":"open","ping_status":"closed","template":"","meta":[],"class_list":["post-76487","attachment","type-attachment","status-inherit","hentry"],"jetpack_sharing_enabled":true,"description":{"rendered":"<p class=\"attachment\"><a href=\"https:\/\/i0.wp.com\/www.eltrabajo.cl\/2017\/wp-content\/uploads\/2017\/01\/bombero-heroe.jpg?ssl=1\"><img loading=\"lazy\" decoding=\"async\" width=\"300\" height=\"198\" src=\"https:\/\/i0.wp.com\/www.eltrabajo.cl\/2017\/wp-content\/uploads\/2017\/01\/bombero-heroe.jpg?fit=300%2C198&amp;ssl=1\" class=\"attachment-medium size-medium\" alt=\"Aunque no hubo casas en peligro, Bomberos trabaj\u00f3 con apoyo de voluntarios de Rinconada, Los Andes y Santa Mar\u00eda para controlar r\u00e1pidamente el siniestro. En la imagen un bombero rescata a un conejo. (Foto @diegoarancibia)\u201d.\" srcset=\"https:\/\/i0.wp.com\/www.eltrabajo.cl\/2017\/wp-content\/uploads\/2017\/01\/bombero-heroe.jpg?w=530&amp;ssl=1 530w, https:\/\/i0.wp.com\/www.eltrabajo.cl\/2017\/wp-content\/uploads\/2017\/01\/bombero-heroe.jpg?resize=300%2C198&amp;ssl=1 300w, https:\/\/i0.wp.com\/www.eltrabajo.cl\/2017\/wp-content\/uploads\/2017\/01\/bombero-heroe.jpg?resize=150%2C99&amp;ssl=1 150w\" sizes=\"auto, (max-width: 300px) 100vw, 300px\" \/><\/a><\/p>\n<p>Aunque no hubo casas en peligro, Bomberos trabaj\u00f3 con apoyo de voluntarios de Rinconada, Los Andes y Santa Mar\u00eda para controlar r\u00e1pidamente el siniestro. En la imagen un bombero rescata a un conejo. (Foto @diegoarancibia)\u201d.<\/p>\n"},"caption":{"rendered":"<div class=\"mh-excerpt\"><p>Aunque no hubo casas en peligro, Bomberos trabaj\u00f3 con apoyo de voluntarios de Rinconada, Los Andes y Santa Mar\u00eda para controlar r\u00e1pidamente el siniestro. En la imagen un bombero rescata a un conejo. (Foto @diegoarancibia)\u201d.<\/p>\n<\/div>"},"alt_text":"Aunque no hubo casas en peligro, Bomberos trabaj\u00f3 con apoyo de voluntarios de Rinconada, Los Andes y Santa Mar\u00eda para controlar r\u00e1pidamente el siniestro. En la imagen un bombero rescata a un conejo. (Foto @diegoarancibia)\u201d.","media_type":"image","mime_type":"image\/jpeg","media_details":{"width":530,"height":349,"file":"2017\/01\/bombero-heroe.jpg","sizes":{"thumbnail":{"file":"bombero-heroe-150x150.jpg","width":150,"height":150,"mime_type":"image\/jpeg","source_url":"https:\/\/i0.wp.com\/www.eltrabajo.cl\/2017\/wp-content\/uploads\/2017\/01\/bombero-heroe.jpg?resize=150%2C150&ssl=1"},"medium":{"file":"bombero-heroe-300x198.jpg","width":300,"height":198,"mime_type":"image\/jpeg","source_url":"https:\/\/i0.wp.com\/www.eltrabajo.cl\/2017\/wp-content\/uploads\/2017\/01\/bombero-heroe.jpg?fit=300%2C198&ssl=1"},"post-thumbnail":{"file":"bombero-heroe-150x99.jpg","width":150,"height":99,"mime_type":"image\/jpeg","source_url":"https:\/\/www.eltrabajo.cl\/2017\/wp-content\/uploads\/2017\/01\/bombero-heroe-150x99.jpg"},"featured-sidebar":{"file":"bombero-heroe-328x158.jpg","width":328,"height":158,"mime_type":"image\/jpeg","source_url":"https:\/\/www.eltrabajo.cl\/2017\/wp-content\/uploads\/2017\/01\/bombero-heroe-328x158.jpg"},"full":{"file":"bombero-heroe.jpg?fit=530%2C349&ssl=1","width":530,"height":349,"mime_type":"image\/jpeg","source_url":"https:\/\/i0.wp.com\/www.eltrabajo.cl\/2017\/wp-content\/uploads\/2017\/01\/bombero-heroe.jpg?fit=530%2C349&ssl=1"}},"image_meta":{"aperture":"0","credit":"","camera":"","caption":"","created_timestamp":"0","copyright":"","focal_length":"0","iso":"0","shutter_speed":"0","title":"","orientation":"0","keywords":[]}},"post":null,"source_url":"https:\/\/www.eltrabajo.cl\/2017\/wp-content\/uploads\/2017\/01\/bombero-heroe.jpg","_links":{"self":[{"href":"https:\/\/www.eltrabajo.cl\/2017\/wp-json\/wp\/v2\/media\/76487","targetHints":{"allow":["GET"]}}],"collection":[{"href":"https:\/\/www.eltrabajo.cl\/2017\/wp-json\/wp\/v2\/media"}],"about":[{"href":"https:\/\/www.eltrabajo.cl\/2017\/wp-json\/wp\/v2\/types\/attachment"}],"author":[{"embeddable":true,"href":"https:\/\/www.eltrabajo.cl\/2017\/wp-json\/wp\/v2\/users\/1"}],"replies":[{"embeddable":true,"href":"https:\/\/www.eltrabajo.cl\/2017\/wp-json\/wp\/v2\/comments?post=76487"}]}}

Aunque no hubo casas en peligro, Bomberos trabajó con apoyo de voluntarios de Rinconada, Los Andes y Santa María para controlar rápidamente el siniestro. En la imagen un bombero rescata a un conejo. (Foto @diegoarancibia)”.

<p class="attachment"><a href="https://i0.wp.com/www.eltrabajo.cl/2017/wp-content/uploads/2017/01/bombero-heroe.jpg?ssl=1"><img loading="lazy" decoding="async" width="300" height="198" src="https://i0.wp.com/www.eltrabajo.cl/2017/wp-content/uploads/2017/01/bombero-heroe.jpg?fit=300%2C198&amp;ssl=1" class="attachment-medium size-medium" alt="Aunque no hubo casas en peligro, Bomberos trabajó con apoyo de voluntarios de Rinconada, Los Andes y Santa María para controlar rápidamente el siniestro. En la imagen un bombero rescata a un conejo. (Foto @diegoarancibia)”." srcset="https://i0.wp.com/www.eltrabajo.cl/2017/wp-content/uploads/2017/01/bombero-heroe.jpg?w=530&amp;ssl=1 530w, https://i0.wp.com/www.eltrabajo.cl/2017/wp-content/uploads/2017/01/bombero-heroe.jpg?resize=300%2C198&amp;ssl=1 300w, https://i0.wp.com/www.eltrabajo.cl/2017/wp-content/uploads/2017/01/bombero-heroe.jpg?resize=150%2C99&amp;ssl=1 150w" sizes="auto, (max-width: 300px) 100vw, 300px" /></a></p>
<p>Aunque no hubo casas en peligro, Bomberos trabajó con apoyo de voluntarios de Rinconada, Los Andes y Santa María para controlar rápidamente el siniestro. En la imagen un bombero rescata a un conejo. (Foto @diegoarancibia)”.</p>

<div class="mh-excerpt"><p>Aunque no hubo casas en peligro, Bomberos trabajó con apoyo de voluntarios de Rinconada, Los Andes y Santa María para controlar rápidamente el siniestro. En la imagen un bombero rescata a un conejo. (Foto @diegoarancibia)”.</p>
</div>
