{"id":76502,"date":"2017-01-12T09:05:07","date_gmt":"2017-01-12T12:05:07","guid":{"rendered":"http:\/\/www.eltrabajo.cl\/2017\/wp-content\/uploads\/2017\/01\/Rolando-Gonzalez.jpg"},"modified":"2017-01-12T09:05:07","modified_gmt":"2017-01-12T12:05:07","slug":"rolando-gonzalez","status":"inherit","type":"attachment","link":"https:\/\/www.eltrabajo.cl\/2017\/rolando-gonzalez\/","title":{"rendered":"ALERTA SE\u00d1ORES.- Don Rolando Gonz\u00e1lez muestra a Diario El Trabajo la promoci\u00f3n que compr\u00f3, y que la empresa Tricot est\u00e1 ofreciendo en la esquina Merced-Portus, as\u00ed como en su tienda de tecnolog\u00eda."},"author":1,"featured_media":0,"comment_status":"open","ping_status":"closed","template":"","meta":[],"class_list":["post-76502","attachment","type-attachment","status-inherit","hentry"],"jetpack_sharing_enabled":true,"description":{"rendered":"<p class=\"attachment\"><a href=\"https:\/\/i0.wp.com\/www.eltrabajo.cl\/2017\/wp-content\/uploads\/2017\/01\/Rolando-Gonzalez.jpg?ssl=1\"><img loading=\"lazy\" decoding=\"async\" width=\"300\" height=\"197\" src=\"https:\/\/i0.wp.com\/www.eltrabajo.cl\/2017\/wp-content\/uploads\/2017\/01\/Rolando-Gonzalez.jpg?fit=300%2C197&amp;ssl=1\" class=\"attachment-medium size-medium\" alt=\"ALERTA SE\u00d1ORES.- Don Rolando Gonz\u00e1lez muestra a Diario El Trabajo la promoci\u00f3n que compr\u00f3, y que la empresa Tricot est\u00e1 ofreciendo en la esquina Merced-Portus, as\u00ed como en su tienda de tecnolog\u00eda.\" srcset=\"https:\/\/i0.wp.com\/www.eltrabajo.cl\/2017\/wp-content\/uploads\/2017\/01\/Rolando-Gonzalez.jpg?w=530&amp;ssl=1 530w, https:\/\/i0.wp.com\/www.eltrabajo.cl\/2017\/wp-content\/uploads\/2017\/01\/Rolando-Gonzalez.jpg?resize=300%2C197&amp;ssl=1 300w, https:\/\/i0.wp.com\/www.eltrabajo.cl\/2017\/wp-content\/uploads\/2017\/01\/Rolando-Gonzalez.jpg?resize=150%2C98&amp;ssl=1 150w\" sizes=\"auto, (max-width: 300px) 100vw, 300px\" \/><\/a><\/p>\n<p>ALERTA SE\u00d1ORES.- Don Rolando Gonz\u00e1lez muestra a Diario El Trabajo la promoci\u00f3n que compr\u00f3, y que la empresa Tricot est\u00e1 ofreciendo en la esquina Merced-Portus, as\u00ed como en su tienda de tecnolog\u00eda.<\/p>\n"},"caption":{"rendered":"<div class=\"mh-excerpt\"><p>ALERTA SE\u00d1ORES.- Don Rolando Gonz\u00e1lez muestra a Diario El Trabajo la promoci\u00f3n que compr\u00f3, y que la empresa Tricot est\u00e1 ofreciendo en la esquina Merced-Portus, as\u00ed como en su tienda de tecnolog\u00eda.<\/p>\n<\/div>"},"alt_text":"ALERTA SE\u00d1ORES.- Don Rolando Gonz\u00e1lez muestra a Diario El Trabajo la promoci\u00f3n que compr\u00f3, y que la empresa Tricot est\u00e1 ofreciendo en la esquina Merced-Portus, as\u00ed como en su tienda de tecnolog\u00eda.","media_type":"image","mime_type":"image\/jpeg","media_details":{"width":530,"height":348,"file":"2017\/01\/Rolando-Gonzalez.jpg","sizes":{"thumbnail":{"file":"Rolando-Gonzalez-150x150.jpg","width":150,"height":150,"mime_type":"image\/jpeg","source_url":"https:\/\/i0.wp.com\/www.eltrabajo.cl\/2017\/wp-content\/uploads\/2017\/01\/Rolando-Gonzalez.jpg?resize=150%2C150&ssl=1"},"medium":{"file":"Rolando-Gonzalez-300x197.jpg","width":300,"height":197,"mime_type":"image\/jpeg","source_url":"https:\/\/i0.wp.com\/www.eltrabajo.cl\/2017\/wp-content\/uploads\/2017\/01\/Rolando-Gonzalez.jpg?fit=300%2C197&ssl=1"},"post-thumbnail":{"file":"Rolando-Gonzalez-150x98.jpg","width":150,"height":98,"mime_type":"image\/jpeg","source_url":"https:\/\/www.eltrabajo.cl\/2017\/wp-content\/uploads\/2017\/01\/Rolando-Gonzalez-150x98.jpg"},"featured-sidebar":{"file":"Rolando-Gonzalez-328x158.jpg","width":328,"height":158,"mime_type":"image\/jpeg","source_url":"https:\/\/www.eltrabajo.cl\/2017\/wp-content\/uploads\/2017\/01\/Rolando-Gonzalez-328x158.jpg"},"full":{"file":"Rolando-Gonzalez.jpg?fit=530%2C348&ssl=1","width":530,"height":348,"mime_type":"image\/jpeg","source_url":"https:\/\/i0.wp.com\/www.eltrabajo.cl\/2017\/wp-content\/uploads\/2017\/01\/Rolando-Gonzalez.jpg?fit=530%2C348&ssl=1"}},"image_meta":{"aperture":"0","credit":"","camera":"","caption":"","created_timestamp":"0","copyright":"","focal_length":"0","iso":"0","shutter_speed":"0","title":"","orientation":"0","keywords":[]}},"post":null,"source_url":"https:\/\/www.eltrabajo.cl\/2017\/wp-content\/uploads\/2017\/01\/Rolando-Gonzalez.jpg","_links":{"self":[{"href":"https:\/\/www.eltrabajo.cl\/2017\/wp-json\/wp\/v2\/media\/76502","targetHints":{"allow":["GET"]}}],"collection":[{"href":"https:\/\/www.eltrabajo.cl\/2017\/wp-json\/wp\/v2\/media"}],"about":[{"href":"https:\/\/www.eltrabajo.cl\/2017\/wp-json\/wp\/v2\/types\/attachment"}],"author":[{"embeddable":true,"href":"https:\/\/www.eltrabajo.cl\/2017\/wp-json\/wp\/v2\/users\/1"}],"replies":[{"embeddable":true,"href":"https:\/\/www.eltrabajo.cl\/2017\/wp-json\/wp\/v2\/comments?post=76502"}]}}

ALERTA SEÑORES.- Don Rolando González muestra a Diario El Trabajo la promoción que compró, y que la empresa Tricot está ofreciendo en la esquina Merced-Portus, así como en su tienda de tecnología.

<p class="attachment"><a href="https://i0.wp.com/www.eltrabajo.cl/2017/wp-content/uploads/2017/01/Rolando-Gonzalez.jpg?ssl=1"><img loading="lazy" decoding="async" width="300" height="197" src="https://i0.wp.com/www.eltrabajo.cl/2017/wp-content/uploads/2017/01/Rolando-Gonzalez.jpg?fit=300%2C197&amp;ssl=1" class="attachment-medium size-medium" alt="ALERTA SEÑORES.- Don Rolando González muestra a Diario El Trabajo la promoción que compró, y que la empresa Tricot está ofreciendo en la esquina Merced-Portus, así como en su tienda de tecnología." srcset="https://i0.wp.com/www.eltrabajo.cl/2017/wp-content/uploads/2017/01/Rolando-Gonzalez.jpg?w=530&amp;ssl=1 530w, https://i0.wp.com/www.eltrabajo.cl/2017/wp-content/uploads/2017/01/Rolando-Gonzalez.jpg?resize=300%2C197&amp;ssl=1 300w, https://i0.wp.com/www.eltrabajo.cl/2017/wp-content/uploads/2017/01/Rolando-Gonzalez.jpg?resize=150%2C98&amp;ssl=1 150w" sizes="auto, (max-width: 300px) 100vw, 300px" /></a></p>
<p>ALERTA SEÑORES.- Don Rolando González muestra a Diario El Trabajo la promoción que compró, y que la empresa Tricot está ofreciendo en la esquina Merced-Portus, así como en su tienda de tecnología.</p>

<div class="mh-excerpt"><p>ALERTA SEÑORES.- Don Rolando González muestra a Diario El Trabajo la promoción que compró, y que la empresa Tricot está ofreciendo en la esquina Merced-Portus, así como en su tienda de tecnología.</p>
</div>
