{"id":76517,"date":"2017-01-13T09:22:55","date_gmt":"2017-01-13T12:22:55","guid":{"rendered":"http:\/\/www.eltrabajo.cl\/2017\/wp-content\/uploads\/2017\/01\/emergencia-quimica-4.jpg"},"modified":"2017-01-13T09:22:55","modified_gmt":"2017-01-13T12:22:55","slug":"emergencia-quimica-4","status":"inherit","type":"attachment","link":"https:\/\/www.eltrabajo.cl\/2017\/emergencia-quimica-4\/","title":{"rendered":"Pese a que los vecinos informaron que los lodos contaminantes no hab\u00edan sido retirados desde el recinto y que la empresa s\u00f3lo los habr\u00eda cubierto con tierra, desde la Gobernaci\u00f3n Provincial aseguraron que el material t\u00f3xico fue extra\u00eddo en la tarde de ayer jueves."},"author":1,"featured_media":0,"comment_status":"open","ping_status":"closed","template":"","meta":[],"class_list":["post-76517","attachment","type-attachment","status-inherit","hentry"],"jetpack_sharing_enabled":true,"description":{"rendered":"<p class=\"attachment\"><a href=\"https:\/\/i0.wp.com\/www.eltrabajo.cl\/2017\/wp-content\/uploads\/2017\/01\/emergencia-quimica-4.jpg?ssl=1\"><img loading=\"lazy\" decoding=\"async\" width=\"300\" height=\"198\" src=\"https:\/\/i0.wp.com\/www.eltrabajo.cl\/2017\/wp-content\/uploads\/2017\/01\/emergencia-quimica-4.jpg?fit=300%2C198&amp;ssl=1\" class=\"attachment-medium size-medium\" alt=\"Pese a que los vecinos informaron que los lodos contaminantes no hab\u00edan sido retirados desde el recinto y que la empresa s\u00f3lo los habr\u00eda cubierto con tierra, desde la Gobernaci\u00f3n Provincial aseguraron que el material t\u00f3xico fue extra\u00eddo en la tarde de ayer jueves.\" srcset=\"https:\/\/i0.wp.com\/www.eltrabajo.cl\/2017\/wp-content\/uploads\/2017\/01\/emergencia-quimica-4.jpg?w=530&amp;ssl=1 530w, https:\/\/i0.wp.com\/www.eltrabajo.cl\/2017\/wp-content\/uploads\/2017\/01\/emergencia-quimica-4.jpg?resize=300%2C198&amp;ssl=1 300w, https:\/\/i0.wp.com\/www.eltrabajo.cl\/2017\/wp-content\/uploads\/2017\/01\/emergencia-quimica-4.jpg?resize=150%2C99&amp;ssl=1 150w\" sizes=\"auto, (max-width: 300px) 100vw, 300px\" \/><\/a><\/p>\n<p>Pese a que los vecinos informaron que los lodos contaminantes no hab\u00edan sido retirados desde el recinto y que la empresa s\u00f3lo los habr\u00eda cubierto con tierra, desde la Gobernaci\u00f3n Provincial aseguraron que el material t\u00f3xico fue extra\u00eddo en la tarde de ayer jueves.<\/p>\n"},"caption":{"rendered":"<div class=\"mh-excerpt\"><p>Pese a que los vecinos informaron que los lodos contaminantes no hab\u00edan sido retirados desde el recinto y que la empresa s\u00f3lo los habr\u00eda cubierto con tierra, desde la Gobernaci\u00f3n Provincial aseguraron que el material t\u00f3xico fue extra\u00eddo en la tarde de ayer jueves.<\/p>\n<\/div>"},"alt_text":"Pese a que los vecinos informaron que los lodos contaminantes no hab\u00edan sido retirados desde el recinto y que la empresa s\u00f3lo los habr\u00eda cubierto con tierra, desde la Gobernaci\u00f3n Provincial aseguraron que el material t\u00f3xico fue extra\u00eddo en la tarde de ayer jueves.","media_type":"image","mime_type":"image\/jpeg","media_details":{"width":530,"height":350,"file":"2017\/01\/emergencia-quimica-4.jpg","sizes":{"thumbnail":{"file":"emergencia-quimica-4-150x150.jpg","width":150,"height":150,"mime_type":"image\/jpeg","source_url":"https:\/\/i0.wp.com\/www.eltrabajo.cl\/2017\/wp-content\/uploads\/2017\/01\/emergencia-quimica-4.jpg?resize=150%2C150&ssl=1"},"medium":{"file":"emergencia-quimica-4-300x198.jpg","width":300,"height":198,"mime_type":"image\/jpeg","source_url":"https:\/\/i0.wp.com\/www.eltrabajo.cl\/2017\/wp-content\/uploads\/2017\/01\/emergencia-quimica-4.jpg?fit=300%2C198&ssl=1"},"post-thumbnail":{"file":"emergencia-quimica-4-150x99.jpg","width":150,"height":99,"mime_type":"image\/jpeg","source_url":"https:\/\/www.eltrabajo.cl\/2017\/wp-content\/uploads\/2017\/01\/emergencia-quimica-4-150x99.jpg"},"featured-sidebar":{"file":"emergencia-quimica-4-328x158.jpg","width":328,"height":158,"mime_type":"image\/jpeg","source_url":"https:\/\/www.eltrabajo.cl\/2017\/wp-content\/uploads\/2017\/01\/emergencia-quimica-4-328x158.jpg"},"full":{"file":"emergencia-quimica-4.jpg?fit=530%2C350&ssl=1","width":530,"height":350,"mime_type":"image\/jpeg","source_url":"https:\/\/i0.wp.com\/www.eltrabajo.cl\/2017\/wp-content\/uploads\/2017\/01\/emergencia-quimica-4.jpg?fit=530%2C350&ssl=1"}},"image_meta":{"aperture":"0","credit":"","camera":"","caption":"","created_timestamp":"0","copyright":"","focal_length":"0","iso":"0","shutter_speed":"0","title":"","orientation":"0","keywords":[]}},"post":null,"source_url":"https:\/\/www.eltrabajo.cl\/2017\/wp-content\/uploads\/2017\/01\/emergencia-quimica-4.jpg","_links":{"self":[{"href":"https:\/\/www.eltrabajo.cl\/2017\/wp-json\/wp\/v2\/media\/76517","targetHints":{"allow":["GET"]}}],"collection":[{"href":"https:\/\/www.eltrabajo.cl\/2017\/wp-json\/wp\/v2\/media"}],"about":[{"href":"https:\/\/www.eltrabajo.cl\/2017\/wp-json\/wp\/v2\/types\/attachment"}],"author":[{"embeddable":true,"href":"https:\/\/www.eltrabajo.cl\/2017\/wp-json\/wp\/v2\/users\/1"}],"replies":[{"embeddable":true,"href":"https:\/\/www.eltrabajo.cl\/2017\/wp-json\/wp\/v2\/comments?post=76517"}]}}

Pese a que los vecinos informaron que los lodos contaminantes no habían sido retirados desde el recinto y que la empresa sólo los habría cubierto con tierra, desde la Gobernación Provincial aseguraron que el material tóxico fue extraído en la tarde de ayer jueves.

<p class="attachment"><a href="https://i0.wp.com/www.eltrabajo.cl/2017/wp-content/uploads/2017/01/emergencia-quimica-4.jpg?ssl=1"><img loading="lazy" decoding="async" width="300" height="198" src="https://i0.wp.com/www.eltrabajo.cl/2017/wp-content/uploads/2017/01/emergencia-quimica-4.jpg?fit=300%2C198&amp;ssl=1" class="attachment-medium size-medium" alt="Pese a que los vecinos informaron que los lodos contaminantes no habían sido retirados desde el recinto y que la empresa sólo los habría cubierto con tierra, desde la Gobernación Provincial aseguraron que el material tóxico fue extraído en la tarde de ayer jueves." srcset="https://i0.wp.com/www.eltrabajo.cl/2017/wp-content/uploads/2017/01/emergencia-quimica-4.jpg?w=530&amp;ssl=1 530w, https://i0.wp.com/www.eltrabajo.cl/2017/wp-content/uploads/2017/01/emergencia-quimica-4.jpg?resize=300%2C198&amp;ssl=1 300w, https://i0.wp.com/www.eltrabajo.cl/2017/wp-content/uploads/2017/01/emergencia-quimica-4.jpg?resize=150%2C99&amp;ssl=1 150w" sizes="auto, (max-width: 300px) 100vw, 300px" /></a></p>
<p>Pese a que los vecinos informaron que los lodos contaminantes no habían sido retirados desde el recinto y que la empresa sólo los habría cubierto con tierra, desde la Gobernación Provincial aseguraron que el material tóxico fue extraído en la tarde de ayer jueves.</p>

<div class="mh-excerpt"><p>Pese a que los vecinos informaron que los lodos contaminantes no habían sido retirados desde el recinto y que la empresa sólo los habría cubierto con tierra, desde la Gobernación Provincial aseguraron que el material tóxico fue extraído en la tarde de ayer jueves.</p>
</div>
