{"id":83789,"date":"2017-12-28T22:30:17","date_gmt":"2017-12-29T02:30:17","guid":{"rendered":"http:\/\/www.eltrabajo.cl\/2017\/wp-content\/uploads\/2017\/12\/Investigador1.jpg"},"modified":"2017-12-28T22:30:27","modified_gmt":"2017-12-29T02:30:27","slug":"investigador1","status":"inherit","type":"attachment","link":"https:\/\/www.eltrabajo.cl\/2017\/investigador1\/","title":{"rendered":"MUY EXTRA\u00d1O.- La c\u00e9dula de identidad de este vecino est\u00e1 sin el dispositivo de datos, el cual asegura su portador, le fue robado."},"author":1,"featured_media":0,"comment_status":"open","ping_status":"closed","template":"","meta":[],"class_list":["post-83789","attachment","type-attachment","status-inherit","hentry"],"jetpack_sharing_enabled":true,"description":{"rendered":"<p class=\"attachment\"><a href=\"https:\/\/i0.wp.com\/www.eltrabajo.cl\/2017\/wp-content\/uploads\/2017\/12\/Investigador1.jpg?ssl=1\"><img loading=\"lazy\" decoding=\"async\" width=\"300\" height=\"206\" src=\"https:\/\/i0.wp.com\/www.eltrabajo.cl\/2017\/wp-content\/uploads\/2017\/12\/Investigador1.jpg?fit=300%2C206&amp;ssl=1\" class=\"attachment-medium size-medium\" alt=\"MUY EXTRA\u00d1O.- La c\u00e9dula de identidad de este vecino est\u00e1 sin el dispositivo de datos, el cual asegura su portador, le fue robado.\" srcset=\"https:\/\/i0.wp.com\/www.eltrabajo.cl\/2017\/wp-content\/uploads\/2017\/12\/Investigador1.jpg?w=580&amp;ssl=1 580w, https:\/\/i0.wp.com\/www.eltrabajo.cl\/2017\/wp-content\/uploads\/2017\/12\/Investigador1.jpg?resize=300%2C206&amp;ssl=1 300w, https:\/\/i0.wp.com\/www.eltrabajo.cl\/2017\/wp-content\/uploads\/2017\/12\/Investigador1.jpg?resize=150%2C103&amp;ssl=1 150w\" sizes=\"auto, (max-width: 300px) 100vw, 300px\" \/><\/a><\/p>\n<p>MUY EXTRA\u00d1O.- La c\u00e9dula de identidad de este vecino est\u00e1 sin el dispositivo de datos, el cual asegura su portador, le fue robado.<\/p>\n"},"caption":{"rendered":"<div class=\"mh-excerpt\"><p>MUY EXTRA\u00d1O.- La c\u00e9dula de identidad de este vecino est\u00e1 sin el dispositivo de datos, el cual asegura su portador, le fue robado.<\/p>\n<\/div>"},"alt_text":"MUY EXTRA\u00d1O.- La c\u00e9dula de identidad de este vecino est\u00e1 sin el dispositivo de datos, el cual asegura su portador, le fue robado.","media_type":"image","mime_type":"image\/jpeg","media_details":{"width":580,"height":399,"file":"2017\/12\/Investigador1.jpg","sizes":{"thumbnail":{"file":"Investigador1-150x150.jpg","width":150,"height":150,"mime_type":"image\/jpeg","source_url":"https:\/\/i0.wp.com\/www.eltrabajo.cl\/2017\/wp-content\/uploads\/2017\/12\/Investigador1.jpg?resize=150%2C150&ssl=1"},"medium":{"file":"Investigador1-300x206.jpg","width":300,"height":206,"mime_type":"image\/jpeg","source_url":"https:\/\/i0.wp.com\/www.eltrabajo.cl\/2017\/wp-content\/uploads\/2017\/12\/Investigador1.jpg?fit=300%2C206&ssl=1"},"post-thumbnail":{"file":"Investigador1-150x103.jpg","width":150,"height":103,"mime_type":"image\/jpeg","source_url":"https:\/\/www.eltrabajo.cl\/2017\/wp-content\/uploads\/2017\/12\/Investigador1-150x103.jpg"},"featured-sidebar":{"file":"Investigador1-328x158.jpg","width":328,"height":158,"mime_type":"image\/jpeg","source_url":"https:\/\/www.eltrabajo.cl\/2017\/wp-content\/uploads\/2017\/12\/Investigador1-328x158.jpg"},"full":{"file":"Investigador1.jpg?fit=580%2C399&ssl=1","width":580,"height":399,"mime_type":"image\/jpeg","source_url":"https:\/\/i0.wp.com\/www.eltrabajo.cl\/2017\/wp-content\/uploads\/2017\/12\/Investigador1.jpg?fit=580%2C399&ssl=1"}},"image_meta":{"aperture":"0","credit":"","camera":"","caption":"","created_timestamp":"0","copyright":"","focal_length":"0","iso":"0","shutter_speed":"0","title":"","orientation":"0","keywords":[]}},"post":null,"source_url":"https:\/\/www.eltrabajo.cl\/2017\/wp-content\/uploads\/2017\/12\/Investigador1.jpg","_links":{"self":[{"href":"https:\/\/www.eltrabajo.cl\/2017\/wp-json\/wp\/v2\/media\/83789","targetHints":{"allow":["GET"]}}],"collection":[{"href":"https:\/\/www.eltrabajo.cl\/2017\/wp-json\/wp\/v2\/media"}],"about":[{"href":"https:\/\/www.eltrabajo.cl\/2017\/wp-json\/wp\/v2\/types\/attachment"}],"author":[{"embeddable":true,"href":"https:\/\/www.eltrabajo.cl\/2017\/wp-json\/wp\/v2\/users\/1"}],"replies":[{"embeddable":true,"href":"https:\/\/www.eltrabajo.cl\/2017\/wp-json\/wp\/v2\/comments?post=83789"}]}}

MUY EXTRAÑO.- La cédula de identidad de este vecino está sin el dispositivo de datos, el cual asegura su portador, le fue robado.

<p class="attachment"><a href="https://i0.wp.com/www.eltrabajo.cl/2017/wp-content/uploads/2017/12/Investigador1.jpg?ssl=1"><img loading="lazy" decoding="async" width="300" height="206" src="https://i0.wp.com/www.eltrabajo.cl/2017/wp-content/uploads/2017/12/Investigador1.jpg?fit=300%2C206&amp;ssl=1" class="attachment-medium size-medium" alt="MUY EXTRAÑO.- La cédula de identidad de este vecino está sin el dispositivo de datos, el cual asegura su portador, le fue robado." srcset="https://i0.wp.com/www.eltrabajo.cl/2017/wp-content/uploads/2017/12/Investigador1.jpg?w=580&amp;ssl=1 580w, https://i0.wp.com/www.eltrabajo.cl/2017/wp-content/uploads/2017/12/Investigador1.jpg?resize=300%2C206&amp;ssl=1 300w, https://i0.wp.com/www.eltrabajo.cl/2017/wp-content/uploads/2017/12/Investigador1.jpg?resize=150%2C103&amp;ssl=1 150w" sizes="auto, (max-width: 300px) 100vw, 300px" /></a></p>
<p>MUY EXTRAÑO.- La cédula de identidad de este vecino está sin el dispositivo de datos, el cual asegura su portador, le fue robado.</p>

<div class="mh-excerpt"><p>MUY EXTRAÑO.- La cédula de identidad de este vecino está sin el dispositivo de datos, el cual asegura su portador, le fue robado.</p>
</div>
