{"id":84286,"date":"2018-01-22T21:33:36","date_gmt":"2018-01-23T01:33:36","guid":{"rendered":"http:\/\/www.eltrabajo.cl\/2017\/wp-content\/uploads\/2018\/01\/Robo5.jpg"},"modified":"2018-01-22T21:34:17","modified_gmt":"2018-01-23T01:34:17","slug":"robo5","status":"inherit","type":"attachment","link":"https:\/\/www.eltrabajo.cl\/2017\/robo5\/","title":{"rendered":"EN INVESTIGACI\u00d3N.- Carabineros est\u00e1 investigando la identidad de estas personas, quienes habr\u00edan estacionado este auto muy cerca de la propiedad afectada."},"author":1,"featured_media":0,"comment_status":"open","ping_status":"closed","template":"","meta":[],"class_list":["post-84286","attachment","type-attachment","status-inherit","hentry"],"jetpack_sharing_enabled":true,"description":{"rendered":"<p class=\"attachment\"><a href=\"https:\/\/i0.wp.com\/www.eltrabajo.cl\/2017\/wp-content\/uploads\/2018\/01\/Robo5.jpg?ssl=1\"><img loading=\"lazy\" decoding=\"async\" width=\"300\" height=\"196\" src=\"https:\/\/i0.wp.com\/www.eltrabajo.cl\/2017\/wp-content\/uploads\/2018\/01\/Robo5.jpg?fit=300%2C196&amp;ssl=1\" class=\"attachment-medium size-medium\" alt=\"EN INVESTIGACI\u00d3N.- Carabineros est\u00e1 investigando la identidad de estas personas, quienes habr\u00edan estacionado este auto muy cerca de la propiedad afectada.\" srcset=\"https:\/\/i0.wp.com\/www.eltrabajo.cl\/2017\/wp-content\/uploads\/2018\/01\/Robo5.jpg?w=578&amp;ssl=1 578w, https:\/\/i0.wp.com\/www.eltrabajo.cl\/2017\/wp-content\/uploads\/2018\/01\/Robo5.jpg?resize=300%2C196&amp;ssl=1 300w, https:\/\/i0.wp.com\/www.eltrabajo.cl\/2017\/wp-content\/uploads\/2018\/01\/Robo5.jpg?resize=150%2C98&amp;ssl=1 150w\" sizes=\"auto, (max-width: 300px) 100vw, 300px\" \/><\/a><\/p>\n<p>EN INVESTIGACI\u00d3N.- Carabineros est\u00e1 investigando la identidad de estas personas, quienes habr\u00edan estacionado este auto muy cerca de la propiedad afectada.<\/p>\n"},"caption":{"rendered":"<div class=\"mh-excerpt\"><p>EN INVESTIGACI\u00d3N.- Carabineros est\u00e1 investigando la identidad de estas personas, quienes habr\u00edan estacionado este auto muy cerca de la propiedad afectada.<\/p>\n<\/div>"},"alt_text":"EN INVESTIGACI\u00d3N.- Carabineros est\u00e1 investigando la identidad de estas personas, quienes habr\u00edan estacionado este auto muy cerca de la propiedad afectada.","media_type":"image","mime_type":"image\/jpeg","media_details":{"width":578,"height":378,"file":"2018\/01\/Robo5.jpg","sizes":{"thumbnail":{"file":"Robo5-150x150.jpg","width":150,"height":150,"mime_type":"image\/jpeg","source_url":"https:\/\/i0.wp.com\/www.eltrabajo.cl\/2017\/wp-content\/uploads\/2018\/01\/Robo5.jpg?resize=150%2C150&ssl=1"},"medium":{"file":"Robo5-300x196.jpg","width":300,"height":196,"mime_type":"image\/jpeg","source_url":"https:\/\/i0.wp.com\/www.eltrabajo.cl\/2017\/wp-content\/uploads\/2018\/01\/Robo5.jpg?fit=300%2C196&ssl=1"},"post-thumbnail":{"file":"Robo5-150x98.jpg","width":150,"height":98,"mime_type":"image\/jpeg","source_url":"https:\/\/www.eltrabajo.cl\/2017\/wp-content\/uploads\/2018\/01\/Robo5-150x98.jpg"},"featured-sidebar":{"file":"Robo5-328x158.jpg","width":328,"height":158,"mime_type":"image\/jpeg","source_url":"https:\/\/www.eltrabajo.cl\/2017\/wp-content\/uploads\/2018\/01\/Robo5-328x158.jpg"},"full":{"file":"Robo5.jpg?fit=578%2C378&ssl=1","width":578,"height":378,"mime_type":"image\/jpeg","source_url":"https:\/\/i0.wp.com\/www.eltrabajo.cl\/2017\/wp-content\/uploads\/2018\/01\/Robo5.jpg?fit=578%2C378&ssl=1"}},"image_meta":{"aperture":"0","credit":"","camera":"","caption":"","created_timestamp":"0","copyright":"","focal_length":"0","iso":"0","shutter_speed":"0","title":"","orientation":"0","keywords":[]}},"post":null,"source_url":"https:\/\/www.eltrabajo.cl\/2017\/wp-content\/uploads\/2018\/01\/Robo5.jpg","_links":{"self":[{"href":"https:\/\/www.eltrabajo.cl\/2017\/wp-json\/wp\/v2\/media\/84286","targetHints":{"allow":["GET"]}}],"collection":[{"href":"https:\/\/www.eltrabajo.cl\/2017\/wp-json\/wp\/v2\/media"}],"about":[{"href":"https:\/\/www.eltrabajo.cl\/2017\/wp-json\/wp\/v2\/types\/attachment"}],"author":[{"embeddable":true,"href":"https:\/\/www.eltrabajo.cl\/2017\/wp-json\/wp\/v2\/users\/1"}],"replies":[{"embeddable":true,"href":"https:\/\/www.eltrabajo.cl\/2017\/wp-json\/wp\/v2\/comments?post=84286"}]}}

EN INVESTIGACIÓN.- Carabineros está investigando la identidad de estas personas, quienes habrían estacionado este auto muy cerca de la propiedad afectada.

<p class="attachment"><a href="https://i0.wp.com/www.eltrabajo.cl/2017/wp-content/uploads/2018/01/Robo5.jpg?ssl=1"><img loading="lazy" decoding="async" width="300" height="196" src="https://i0.wp.com/www.eltrabajo.cl/2017/wp-content/uploads/2018/01/Robo5.jpg?fit=300%2C196&amp;ssl=1" class="attachment-medium size-medium" alt="EN INVESTIGACIÓN.- Carabineros está investigando la identidad de estas personas, quienes habrían estacionado este auto muy cerca de la propiedad afectada." srcset="https://i0.wp.com/www.eltrabajo.cl/2017/wp-content/uploads/2018/01/Robo5.jpg?w=578&amp;ssl=1 578w, https://i0.wp.com/www.eltrabajo.cl/2017/wp-content/uploads/2018/01/Robo5.jpg?resize=300%2C196&amp;ssl=1 300w, https://i0.wp.com/www.eltrabajo.cl/2017/wp-content/uploads/2018/01/Robo5.jpg?resize=150%2C98&amp;ssl=1 150w" sizes="auto, (max-width: 300px) 100vw, 300px" /></a></p>
<p>EN INVESTIGACIÓN.- Carabineros está investigando la identidad de estas personas, quienes habrían estacionado este auto muy cerca de la propiedad afectada.</p>

<div class="mh-excerpt"><p>EN INVESTIGACIÓN.- Carabineros está investigando la identidad de estas personas, quienes habrían estacionado este auto muy cerca de la propiedad afectada.</p>
</div>
