{"id":84921,"date":"2018-02-22T20:56:43","date_gmt":"2018-02-23T00:56:43","guid":{"rendered":"http:\/\/www.eltrabajo.cl\/2017\/wp-content\/uploads\/2018\/02\/JEAN-PAUL-CATALDO-MANDIOLA-copia.jpg"},"modified":"2018-02-22T20:56:58","modified_gmt":"2018-02-23T00:56:58","slug":"jean-paul-cataldo-mandiola-copia","status":"inherit","type":"attachment","link":"https:\/\/www.eltrabajo.cl\/2017\/jean-paul-cataldo-mandiola-copia\/","title":{"rendered":"El condenado Jean Paul Cataldo Mandiola fue condenado a m\u00e1s de tres a\u00f1os de c\u00e1rcel tras ser capturado por Carabineros manteniendo una escopeta en la Villa Santa Teresita de San Felipe."},"author":1,"featured_media":0,"comment_status":"open","ping_status":"closed","template":"","meta":[],"class_list":["post-84921","attachment","type-attachment","status-inherit","hentry"],"jetpack_sharing_enabled":true,"description":{"rendered":"<p class=\"attachment\"><a href=\"https:\/\/i0.wp.com\/www.eltrabajo.cl\/2017\/wp-content\/uploads\/2018\/02\/JEAN-PAUL-CATALDO-MANDIOLA-copia.jpg?ssl=1\"><img loading=\"lazy\" decoding=\"async\" width=\"265\" height=\"300\" src=\"https:\/\/i0.wp.com\/www.eltrabajo.cl\/2017\/wp-content\/uploads\/2018\/02\/JEAN-PAUL-CATALDO-MANDIOLA-copia.jpg?fit=265%2C300&amp;ssl=1\" class=\"attachment-medium size-medium\" alt=\"El condenado Jean Paul Cataldo Mandiola fue condenado a m\u00e1s de tres a\u00f1os de c\u00e1rcel tras ser capturado por Carabineros manteniendo una escopeta en la Villa Santa Teresita de San Felipe.\" srcset=\"https:\/\/i0.wp.com\/www.eltrabajo.cl\/2017\/wp-content\/uploads\/2018\/02\/JEAN-PAUL-CATALDO-MANDIOLA-copia.jpg?w=579&amp;ssl=1 579w, https:\/\/i0.wp.com\/www.eltrabajo.cl\/2017\/wp-content\/uploads\/2018\/02\/JEAN-PAUL-CATALDO-MANDIOLA-copia.jpg?resize=265%2C300&amp;ssl=1 265w, https:\/\/i0.wp.com\/www.eltrabajo.cl\/2017\/wp-content\/uploads\/2018\/02\/JEAN-PAUL-CATALDO-MANDIOLA-copia.jpg?resize=133%2C150&amp;ssl=1 133w\" sizes=\"auto, (max-width: 265px) 100vw, 265px\" \/><\/a><\/p>\n<p>El condenado Jean Paul Cataldo Mandiola fue condenado a m\u00e1s de tres a\u00f1os de c\u00e1rcel tras ser capturado por Carabineros manteniendo una escopeta en la Villa Santa Teresita de San Felipe. <\/p>\n"},"caption":{"rendered":"<div class=\"mh-excerpt\"><p>El condenado Jean Paul Cataldo Mandiola fue condenado a m\u00e1s de tres a\u00f1os de c\u00e1rcel tras ser capturado por Carabineros manteniendo una escopeta en la Villa Santa Teresita de San Felipe. <\/p>\n<\/div>"},"alt_text":"El condenado Jean Paul Cataldo Mandiola fue condenado a m\u00e1s de tres a\u00f1os de c\u00e1rcel tras ser capturado por Carabineros manteniendo una escopeta en la Villa Santa Teresita de San Felipe.","media_type":"image","mime_type":"image\/jpeg","media_details":{"width":579,"height":655,"file":"2018\/02\/JEAN-PAUL-CATALDO-MANDIOLA-copia.jpg","sizes":{"thumbnail":{"file":"JEAN-PAUL-CATALDO-MANDIOLA-copia-150x150.jpg","width":150,"height":150,"mime_type":"image\/jpeg","source_url":"https:\/\/i0.wp.com\/www.eltrabajo.cl\/2017\/wp-content\/uploads\/2018\/02\/JEAN-PAUL-CATALDO-MANDIOLA-copia.jpg?resize=150%2C150&ssl=1"},"medium":{"file":"JEAN-PAUL-CATALDO-MANDIOLA-copia-265x300.jpg","width":265,"height":300,"mime_type":"image\/jpeg","source_url":"https:\/\/i0.wp.com\/www.eltrabajo.cl\/2017\/wp-content\/uploads\/2018\/02\/JEAN-PAUL-CATALDO-MANDIOLA-copia.jpg?fit=265%2C300&ssl=1"},"post-thumbnail":{"file":"JEAN-PAUL-CATALDO-MANDIOLA-copia-133x150.jpg","width":133,"height":150,"mime_type":"image\/jpeg","source_url":"https:\/\/www.eltrabajo.cl\/2017\/wp-content\/uploads\/2018\/02\/JEAN-PAUL-CATALDO-MANDIOLA-copia-133x150.jpg"},"featured-sidebar":{"file":"JEAN-PAUL-CATALDO-MANDIOLA-copia-328x158.jpg","width":328,"height":158,"mime_type":"image\/jpeg","source_url":"https:\/\/www.eltrabajo.cl\/2017\/wp-content\/uploads\/2018\/02\/JEAN-PAUL-CATALDO-MANDIOLA-copia-328x158.jpg"},"full":{"file":"JEAN-PAUL-CATALDO-MANDIOLA-copia.jpg?fit=579%2C655&ssl=1","width":579,"height":655,"mime_type":"image\/jpeg","source_url":"https:\/\/i0.wp.com\/www.eltrabajo.cl\/2017\/wp-content\/uploads\/2018\/02\/JEAN-PAUL-CATALDO-MANDIOLA-copia.jpg?fit=579%2C655&ssl=1"}},"image_meta":{"aperture":"0","credit":"","camera":"","caption":"","created_timestamp":"0","copyright":"","focal_length":"0","iso":"0","shutter_speed":"0","title":"","orientation":"0","keywords":[]}},"post":null,"source_url":"https:\/\/www.eltrabajo.cl\/2017\/wp-content\/uploads\/2018\/02\/JEAN-PAUL-CATALDO-MANDIOLA-copia.jpg","_links":{"self":[{"href":"https:\/\/www.eltrabajo.cl\/2017\/wp-json\/wp\/v2\/media\/84921","targetHints":{"allow":["GET"]}}],"collection":[{"href":"https:\/\/www.eltrabajo.cl\/2017\/wp-json\/wp\/v2\/media"}],"about":[{"href":"https:\/\/www.eltrabajo.cl\/2017\/wp-json\/wp\/v2\/types\/attachment"}],"author":[{"embeddable":true,"href":"https:\/\/www.eltrabajo.cl\/2017\/wp-json\/wp\/v2\/users\/1"}],"replies":[{"embeddable":true,"href":"https:\/\/www.eltrabajo.cl\/2017\/wp-json\/wp\/v2\/comments?post=84921"}]}}

El condenado Jean Paul Cataldo Mandiola fue condenado a más de tres años de cárcel tras ser capturado por Carabineros manteniendo una escopeta en la Villa Santa Teresita de San Felipe.

<p class="attachment"><a href="https://i0.wp.com/www.eltrabajo.cl/2017/wp-content/uploads/2018/02/JEAN-PAUL-CATALDO-MANDIOLA-copia.jpg?ssl=1"><img loading="lazy" decoding="async" width="265" height="300" src="https://i0.wp.com/www.eltrabajo.cl/2017/wp-content/uploads/2018/02/JEAN-PAUL-CATALDO-MANDIOLA-copia.jpg?fit=265%2C300&amp;ssl=1" class="attachment-medium size-medium" alt="El condenado Jean Paul Cataldo Mandiola fue condenado a más de tres años de cárcel tras ser capturado por Carabineros manteniendo una escopeta en la Villa Santa Teresita de San Felipe." srcset="https://i0.wp.com/www.eltrabajo.cl/2017/wp-content/uploads/2018/02/JEAN-PAUL-CATALDO-MANDIOLA-copia.jpg?w=579&amp;ssl=1 579w, https://i0.wp.com/www.eltrabajo.cl/2017/wp-content/uploads/2018/02/JEAN-PAUL-CATALDO-MANDIOLA-copia.jpg?resize=265%2C300&amp;ssl=1 265w, https://i0.wp.com/www.eltrabajo.cl/2017/wp-content/uploads/2018/02/JEAN-PAUL-CATALDO-MANDIOLA-copia.jpg?resize=133%2C150&amp;ssl=1 133w" sizes="auto, (max-width: 265px) 100vw, 265px" /></a></p>
<p>El condenado Jean Paul Cataldo Mandiola fue condenado a más de tres años de cárcel tras ser capturado por Carabineros manteniendo una escopeta en la Villa Santa Teresita de San Felipe. </p>

<div class="mh-excerpt"><p>El condenado Jean Paul Cataldo Mandiola fue condenado a más de tres años de cárcel tras ser capturado por Carabineros manteniendo una escopeta en la Villa Santa Teresita de San Felipe. </p>
</div>
