{"id":84922,"date":"2018-02-22T20:56:44","date_gmt":"2018-02-23T00:56:44","guid":{"rendered":"http:\/\/www.eltrabajo.cl\/2017\/wp-content\/uploads\/2018\/02\/JEAN-PAUL-CATALDO-MANDIOLA.jpg"},"modified":"2018-02-22T20:57:02","modified_gmt":"2018-02-23T00:57:02","slug":"jean-paul-cataldo-mandiola","status":"inherit","type":"attachment","link":"https:\/\/www.eltrabajo.cl\/2017\/jean-paul-cataldo-mandiola\/","title":{"rendered":"El condenado Jean Paul Cataldo Mandiola fue condenado a m\u00e1s de tres a\u00f1os de c\u00e1rcel tras ser capturado por Carabineros manteniendo una escopeta en la Villa Santa Teresita de San Felipe."},"author":1,"featured_media":0,"comment_status":"open","ping_status":"closed","template":"","meta":[],"class_list":["post-84922","attachment","type-attachment","status-inherit","hentry"],"jetpack_sharing_enabled":true,"description":{"rendered":"<p class=\"attachment\"><a href=\"https:\/\/i0.wp.com\/www.eltrabajo.cl\/2017\/wp-content\/uploads\/2018\/02\/JEAN-PAUL-CATALDO-MANDIOLA.jpg?ssl=1\"><img loading=\"lazy\" decoding=\"async\" width=\"300\" height=\"189\" src=\"https:\/\/i0.wp.com\/www.eltrabajo.cl\/2017\/wp-content\/uploads\/2018\/02\/JEAN-PAUL-CATALDO-MANDIOLA.jpg?fit=300%2C189&amp;ssl=1\" class=\"attachment-medium size-medium\" alt=\"El condenado Jean Paul Cataldo Mandiola fue condenado a m\u00e1s de tres a\u00f1os de c\u00e1rcel tras ser capturado por Carabineros manteniendo una escopeta en la Villa Santa Teresita de San Felipe.\" srcset=\"https:\/\/i0.wp.com\/www.eltrabajo.cl\/2017\/wp-content\/uploads\/2018\/02\/JEAN-PAUL-CATALDO-MANDIOLA.jpg?w=580&amp;ssl=1 580w, https:\/\/i0.wp.com\/www.eltrabajo.cl\/2017\/wp-content\/uploads\/2018\/02\/JEAN-PAUL-CATALDO-MANDIOLA.jpg?resize=300%2C189&amp;ssl=1 300w, https:\/\/i0.wp.com\/www.eltrabajo.cl\/2017\/wp-content\/uploads\/2018\/02\/JEAN-PAUL-CATALDO-MANDIOLA.jpg?resize=150%2C95&amp;ssl=1 150w\" sizes=\"auto, (max-width: 300px) 100vw, 300px\" \/><\/a><\/p>\n<p>El condenado Jean Paul Cataldo Mandiola fue condenado a m\u00e1s de tres a\u00f1os de c\u00e1rcel tras ser capturado por Carabineros manteniendo una escopeta en la Villa Santa Teresita de San Felipe. <\/p>\n"},"caption":{"rendered":"<div class=\"mh-excerpt\"><p>El condenado Jean Paul Cataldo Mandiola fue condenado a m\u00e1s de tres a\u00f1os de c\u00e1rcel tras ser capturado por Carabineros manteniendo una escopeta en la Villa Santa Teresita de San Felipe. <\/p>\n<\/div>"},"alt_text":"El condenado Jean Paul Cataldo Mandiola fue condenado a m\u00e1s de tres a\u00f1os de c\u00e1rcel tras ser capturado por Carabineros manteniendo una escopeta en la Villa Santa Teresita de San Felipe.","media_type":"image","mime_type":"image\/jpeg","media_details":{"width":580,"height":366,"file":"2018\/02\/JEAN-PAUL-CATALDO-MANDIOLA.jpg","sizes":{"thumbnail":{"file":"JEAN-PAUL-CATALDO-MANDIOLA-150x150.jpg","width":150,"height":150,"mime_type":"image\/jpeg","source_url":"https:\/\/i0.wp.com\/www.eltrabajo.cl\/2017\/wp-content\/uploads\/2018\/02\/JEAN-PAUL-CATALDO-MANDIOLA.jpg?resize=150%2C150&ssl=1"},"medium":{"file":"JEAN-PAUL-CATALDO-MANDIOLA-300x189.jpg","width":300,"height":189,"mime_type":"image\/jpeg","source_url":"https:\/\/i0.wp.com\/www.eltrabajo.cl\/2017\/wp-content\/uploads\/2018\/02\/JEAN-PAUL-CATALDO-MANDIOLA.jpg?fit=300%2C189&ssl=1"},"post-thumbnail":{"file":"JEAN-PAUL-CATALDO-MANDIOLA-150x95.jpg","width":150,"height":95,"mime_type":"image\/jpeg","source_url":"https:\/\/www.eltrabajo.cl\/2017\/wp-content\/uploads\/2018\/02\/JEAN-PAUL-CATALDO-MANDIOLA-150x95.jpg"},"featured-sidebar":{"file":"JEAN-PAUL-CATALDO-MANDIOLA-328x158.jpg","width":328,"height":158,"mime_type":"image\/jpeg","source_url":"https:\/\/www.eltrabajo.cl\/2017\/wp-content\/uploads\/2018\/02\/JEAN-PAUL-CATALDO-MANDIOLA-328x158.jpg"},"full":{"file":"JEAN-PAUL-CATALDO-MANDIOLA.jpg?fit=580%2C366&ssl=1","width":580,"height":366,"mime_type":"image\/jpeg","source_url":"https:\/\/i0.wp.com\/www.eltrabajo.cl\/2017\/wp-content\/uploads\/2018\/02\/JEAN-PAUL-CATALDO-MANDIOLA.jpg?fit=580%2C366&ssl=1"}},"image_meta":{"aperture":"0","credit":"","camera":"","caption":"","created_timestamp":"0","copyright":"","focal_length":"0","iso":"0","shutter_speed":"0","title":"","orientation":"0","keywords":[]}},"post":null,"source_url":"https:\/\/www.eltrabajo.cl\/2017\/wp-content\/uploads\/2018\/02\/JEAN-PAUL-CATALDO-MANDIOLA.jpg","_links":{"self":[{"href":"https:\/\/www.eltrabajo.cl\/2017\/wp-json\/wp\/v2\/media\/84922","targetHints":{"allow":["GET"]}}],"collection":[{"href":"https:\/\/www.eltrabajo.cl\/2017\/wp-json\/wp\/v2\/media"}],"about":[{"href":"https:\/\/www.eltrabajo.cl\/2017\/wp-json\/wp\/v2\/types\/attachment"}],"author":[{"embeddable":true,"href":"https:\/\/www.eltrabajo.cl\/2017\/wp-json\/wp\/v2\/users\/1"}],"replies":[{"embeddable":true,"href":"https:\/\/www.eltrabajo.cl\/2017\/wp-json\/wp\/v2\/comments?post=84922"}]}}

El condenado Jean Paul Cataldo Mandiola fue condenado a más de tres años de cárcel tras ser capturado por Carabineros manteniendo una escopeta en la Villa Santa Teresita de San Felipe.

<p class="attachment"><a href="https://i0.wp.com/www.eltrabajo.cl/2017/wp-content/uploads/2018/02/JEAN-PAUL-CATALDO-MANDIOLA.jpg?ssl=1"><img loading="lazy" decoding="async" width="300" height="189" src="https://i0.wp.com/www.eltrabajo.cl/2017/wp-content/uploads/2018/02/JEAN-PAUL-CATALDO-MANDIOLA.jpg?fit=300%2C189&amp;ssl=1" class="attachment-medium size-medium" alt="El condenado Jean Paul Cataldo Mandiola fue condenado a más de tres años de cárcel tras ser capturado por Carabineros manteniendo una escopeta en la Villa Santa Teresita de San Felipe." srcset="https://i0.wp.com/www.eltrabajo.cl/2017/wp-content/uploads/2018/02/JEAN-PAUL-CATALDO-MANDIOLA.jpg?w=580&amp;ssl=1 580w, https://i0.wp.com/www.eltrabajo.cl/2017/wp-content/uploads/2018/02/JEAN-PAUL-CATALDO-MANDIOLA.jpg?resize=300%2C189&amp;ssl=1 300w, https://i0.wp.com/www.eltrabajo.cl/2017/wp-content/uploads/2018/02/JEAN-PAUL-CATALDO-MANDIOLA.jpg?resize=150%2C95&amp;ssl=1 150w" sizes="auto, (max-width: 300px) 100vw, 300px" /></a></p>
<p>El condenado Jean Paul Cataldo Mandiola fue condenado a más de tres años de cárcel tras ser capturado por Carabineros manteniendo una escopeta en la Villa Santa Teresita de San Felipe. </p>

<div class="mh-excerpt"><p>El condenado Jean Paul Cataldo Mandiola fue condenado a más de tres años de cárcel tras ser capturado por Carabineros manteniendo una escopeta en la Villa Santa Teresita de San Felipe. </p>
</div>
