{"id":88551,"date":"2018-10-03T19:50:52","date_gmt":"2018-10-03T23:50:52","guid":{"rendered":"http:\/\/www.eltrabajo.cl\/2017\/wp-content\/uploads\/2018\/10\/Reclamo2.jpg"},"modified":"2018-10-03T19:51:21","modified_gmt":"2018-10-03T23:51:21","slug":"reclamo2-3","status":"inherit","type":"attachment","link":"https:\/\/www.eltrabajo.cl\/2017\/reclamo2-3\/","title":{"rendered":"EN INVESTIGACI\u00d3N.- La usuaria nos asegura que desde hace varios meses le han negado atenci\u00f3n m\u00e9dica en este centro de salud."},"author":1,"featured_media":0,"comment_status":"open","ping_status":"closed","template":"","meta":[],"class_list":["post-88551","attachment","type-attachment","status-inherit","hentry"],"jetpack_sharing_enabled":true,"description":{"rendered":"<p class=\"attachment\"><a href=\"https:\/\/i0.wp.com\/www.eltrabajo.cl\/2017\/wp-content\/uploads\/2018\/10\/Reclamo2.jpg?ssl=1\"><img loading=\"lazy\" decoding=\"async\" width=\"300\" height=\"207\" src=\"https:\/\/i0.wp.com\/www.eltrabajo.cl\/2017\/wp-content\/uploads\/2018\/10\/Reclamo2.jpg?fit=300%2C207&amp;ssl=1\" class=\"attachment-medium size-medium\" alt=\"EN INVESTIGACI\u00d3N.- La usuaria nos asegura que desde hace varios meses le han negado atenci\u00f3n m\u00e9dica en este centro de salud.\" srcset=\"https:\/\/i0.wp.com\/www.eltrabajo.cl\/2017\/wp-content\/uploads\/2018\/10\/Reclamo2.jpg?w=580&amp;ssl=1 580w, https:\/\/i0.wp.com\/www.eltrabajo.cl\/2017\/wp-content\/uploads\/2018\/10\/Reclamo2.jpg?resize=300%2C207&amp;ssl=1 300w, https:\/\/i0.wp.com\/www.eltrabajo.cl\/2017\/wp-content\/uploads\/2018\/10\/Reclamo2.jpg?resize=150%2C103&amp;ssl=1 150w\" sizes=\"auto, (max-width: 300px) 100vw, 300px\" \/><\/a><\/p>\n<p>EN INVESTIGACI\u00d3N.- La usuaria nos asegura que desde hace varios meses le han negado atenci\u00f3n m\u00e9dica en este centro de salud.<\/p>\n"},"caption":{"rendered":"<div class=\"mh-excerpt\"><p>EN INVESTIGACI\u00d3N.- La usuaria nos asegura que desde hace varios meses le han negado atenci\u00f3n m\u00e9dica en este centro de salud.<\/p>\n<\/div>"},"alt_text":"EN INVESTIGACI\u00d3N.- La usuaria nos asegura que desde hace varios meses le han negado atenci\u00f3n m\u00e9dica en este centro de salud.","media_type":"image","mime_type":"image\/jpeg","media_details":{"width":580,"height":400,"file":"2018\/10\/Reclamo2.jpg","sizes":{"woocommerce_thumbnail":{"file":"Reclamo2-300x300.jpg","width":300,"height":300,"uncropped":false,"mime_type":"image\/jpeg","source_url":"https:\/\/i0.wp.com\/www.eltrabajo.cl\/2017\/wp-content\/uploads\/2018\/10\/Reclamo2.jpg?fit=150%2C103&ssl=1"},"woocommerce_gallery_thumbnail":{"file":"Reclamo2-100x100.jpg","width":100,"height":100,"mime_type":"image\/jpeg","source_url":"https:\/\/i0.wp.com\/www.eltrabajo.cl\/2017\/wp-content\/uploads\/2018\/10\/Reclamo2.jpg?resize=100%2C100&ssl=1"},"thumbnail":{"file":"Reclamo2-150x150.jpg","width":150,"height":150,"mime_type":"image\/jpeg","source_url":"https:\/\/i0.wp.com\/www.eltrabajo.cl\/2017\/wp-content\/uploads\/2018\/10\/Reclamo2.jpg?resize=150%2C150&ssl=1"},"medium":{"file":"Reclamo2-300x207.jpg","width":300,"height":207,"mime_type":"image\/jpeg","source_url":"https:\/\/i0.wp.com\/www.eltrabajo.cl\/2017\/wp-content\/uploads\/2018\/10\/Reclamo2.jpg?fit=300%2C207&ssl=1"},"post-thumbnail":{"file":"Reclamo2-150x103.jpg","width":150,"height":103,"mime_type":"image\/jpeg","source_url":"https:\/\/www.eltrabajo.cl\/2017\/wp-content\/uploads\/2018\/10\/Reclamo2-150x103.jpg"},"featured-sidebar":{"file":"Reclamo2-328x158.jpg","width":328,"height":158,"mime_type":"image\/jpeg","source_url":"https:\/\/www.eltrabajo.cl\/2017\/wp-content\/uploads\/2018\/10\/Reclamo2-328x158.jpg"},"full":{"file":"Reclamo2.jpg?fit=580%2C400&ssl=1","width":580,"height":400,"mime_type":"image\/jpeg","source_url":"https:\/\/i0.wp.com\/www.eltrabajo.cl\/2017\/wp-content\/uploads\/2018\/10\/Reclamo2.jpg?fit=580%2C400&ssl=1"}},"image_meta":{"aperture":"5.3","credit":"","camera":"NIKON D3300","caption":"","created_timestamp":"1538566870","copyright":"","focal_length":"105","iso":"720","shutter_speed":"0.016666666666667","title":"","orientation":"1","keywords":[]}},"post":null,"source_url":"https:\/\/www.eltrabajo.cl\/2017\/wp-content\/uploads\/2018\/10\/Reclamo2.jpg","_links":{"self":[{"href":"https:\/\/www.eltrabajo.cl\/2017\/wp-json\/wp\/v2\/media\/88551","targetHints":{"allow":["GET"]}}],"collection":[{"href":"https:\/\/www.eltrabajo.cl\/2017\/wp-json\/wp\/v2\/media"}],"about":[{"href":"https:\/\/www.eltrabajo.cl\/2017\/wp-json\/wp\/v2\/types\/attachment"}],"author":[{"embeddable":true,"href":"https:\/\/www.eltrabajo.cl\/2017\/wp-json\/wp\/v2\/users\/1"}],"replies":[{"embeddable":true,"href":"https:\/\/www.eltrabajo.cl\/2017\/wp-json\/wp\/v2\/comments?post=88551"}]}}

EN INVESTIGACIÓN.- La usuaria nos asegura que desde hace varios meses le han negado atención médica en este centro de salud.

<p class="attachment"><a href="https://i0.wp.com/www.eltrabajo.cl/2017/wp-content/uploads/2018/10/Reclamo2.jpg?ssl=1"><img loading="lazy" decoding="async" width="300" height="207" src="https://i0.wp.com/www.eltrabajo.cl/2017/wp-content/uploads/2018/10/Reclamo2.jpg?fit=300%2C207&amp;ssl=1" class="attachment-medium size-medium" alt="EN INVESTIGACIÓN.- La usuaria nos asegura que desde hace varios meses le han negado atención médica en este centro de salud." srcset="https://i0.wp.com/www.eltrabajo.cl/2017/wp-content/uploads/2018/10/Reclamo2.jpg?w=580&amp;ssl=1 580w, https://i0.wp.com/www.eltrabajo.cl/2017/wp-content/uploads/2018/10/Reclamo2.jpg?resize=300%2C207&amp;ssl=1 300w, https://i0.wp.com/www.eltrabajo.cl/2017/wp-content/uploads/2018/10/Reclamo2.jpg?resize=150%2C103&amp;ssl=1 150w" sizes="auto, (max-width: 300px) 100vw, 300px" /></a></p>
<p>EN INVESTIGACIÓN.- La usuaria nos asegura que desde hace varios meses le han negado atención médica en este centro de salud.</p>

<div class="mh-excerpt"><p>EN INVESTIGACIÓN.- La usuaria nos asegura que desde hace varios meses le han negado atención médica en este centro de salud.</p>
</div>
